) = u**3 + 9*u**2 - 8*u + 24. Calculate n(-10).
4
Let r(t) = -t**3 - 24*t**2 - 2*t - 53. Give r(-24).
-5
Let g(c) = -c**3 - 3*c**2 - 24. Give g(-5).
26
Let c(g) = -27*g + 7. Give c(-1).
34
Let c(k) = -3*k + 6. Determine c(9).
-21
Let c(o) = -7*o - 1. Calculate c(-1).
6
Let i(d) = -d + 26. Give i(0).
26
Let v(c) = c**3 - 12*c**2 + 34*c + 1. Give v(6).
-11
Let o(x) = -5*x**2 - 59*x - 13. Give o(-11).
31
Let c(f) = 6*f**3 - 4*f - 3. What is c(-1)?
-5
Let i(c) = c**2 - 3*c + 3. Give i(4).
7
Let f(w) = -w**2 + 2*w - 3. Determine f(3).
-6
Let r(k) = k**3 + 14*k**2 - 14*k + 25. Give r(-15).
10
Let d(x) = 3*x**2 + 26*x - 14. Give d(-10).
26
Let p(i) = i + 18. Calculate p(0).
18
Let i(d) = d**3 - 9*d**2 - d + 20. Determine i(9).
11
Let l(g) = -7*g + 52. What is l(15)?
-53
Let f(p) = p**2 + 5*p - 48. What is f(-8)?
-24
Let z(g) = -4*g**2 - 15*g - 1. Determine z(-4).
-5
Let s(f) = f**2 + 20*f + 82. Determine s(-10).
-18
Let c(g) = 2*g**2 - 96. What is c(0)?
-96
Let o(b) = 4*b - 11. Give o(6).
13
Let w(a) = a - 64. Give w(0).
-64
Let h(z) = -z**3 + z**2 + z - 36. Determine h(0).
-36
Let a(k) = -64*k + 833. What is a(13)?
1
Let q(w) = 4*w**3 - 2*w - 4. What is q(-2)?
-32
Let i(u) = -12*u**2 - 2*u + 1. Give i(-2).
-43
Let g(i) = -2*i**2 + i + 1. Determine g(-2).
-9
Let b(i) = -i**3 - 5*i**2 + 5*i - 19. What is b(-6)?
-13
Let f(m) = -5*m + 14. Determine f(7).
-21
Let i(f) = 4*f + 3. What is i(-3)?
-9
Let g(m) = -m**2 - 15*m - 14. Determine g(-15).
-14
Let x(j) = -4*j**3 + 2*j**2 + 2*j + 1. What is x(-1)?
5
Let i(c) = -2*c**2 - 2*c + 2. Determine i(3).
-22
Let o(l) = l**3 + 16*l**2 - 16*l + 3. Calculate o(-17).
-14
Let i(n) = 4*n - 27. Determine i(5).
-7
Let w(j) = 4*j - 156. Calculate w(39).
0
Let j(r) = 3*r**2 + 2*r - 22. Determine j(-5).
43
Let i(h) = -h**2 - 16*h + 81. What is i(-21)?
-24
Let z(h) = -h**3 + 9*h**2 + 8*h + 9. Calculate z(10).
-11
Let p(r) = 3*r**3 - 13*r**2 - 11*r + 1. What is p(5)?
-4
Let t(v) = -8*v**3 + 2*v**2 + 2*v + 1. Give t(-1).
9
Let s(o) = -2*o**3 + 7*o + 5. Calculate s(-2).
7
Let h(o) = -5*o**3 - 2*o**2 + 4*o - 3. Determine h(1).
-6
Let l(z) = z**2 - 13*z + 4. Give l(11).
-18
Let j(s) = -s**2 - 5*s + 2. Determine j(-6).
-4
Let c(l) = -3*l**2 - 8*l + 29. Determine c(3).
-22
Let g(v) = -v - 5. What is g(-14)?
9
Let k(j) = -2*j - 27. What is k(-10)?
-7
Let j(i) = -i**2 - i + 19. Determine j(4).
-1
Let t(z) = z**2 - 14*z - 1. What is t(15)?
14
Let p(w) = -2*w**3 + w**2 + 6*w + 1. Calculate p(3).
-26
Let q(a) = -a**2 - a + 50. What is q(7)?
-6
Let y(j) = j**3 + 5*j**2 - 3*j - 13. Give y(-5).
2
Let v(g) = -4*g - 4. Determine v(-3).
8
Let s(t) = t**3 - 10*t**2 - 11*t - 24. Calculate s(11).
-24
Let w(n) = -n**3 + 10*n**2 - 6*n - 8. Give w(9).
19
Let w(p) = -15*p**2 + p + 2. Give w(-2).
-60
Let v(t) = 5*t - 3. Calculate v(6).
27
Let m(l) = 14*l - 28. Determine m(8).
84
Let h(u) = -u**2 + 10*u + 29. Give h(12).
5
Let b(x) = 2*x**2 - 25*x - 2. What is b(15)?
73
Let a(n) = n**2 + 4*n - 10. Calculate a(-5).
-5
Let d(k) = -50*k - 1104. Determine d(-22).
-4
Let y(o) = -15*o + 3. Determine y(2).
-27
Let t(b) = -b**2 - 6*b + 5. Calculate t(-13).
-86
Let v(x) = -9*x**2 + 43*x - 8. What is v(4)?
20
Let i(w) = -61*w + 128. Give i(2).
6
Let i(y) = -38*y + 20. What is i(1)?
-18
Let m(t) = -7*t - 6. Give m(4).
-34
Let i(u) = 68*u - 1161. What is i(17)?
-5
Let b(z) = 9*z - 47. Determine b(6).
7
Let x(h) = 8*h**2 - 3*h + 2. Give x(3).
65
Let h(s) = 30*s + 207. Determine h(-7).
-3
Let q(z) = 19*z**3 + 2*z**2 + 4*z + 3. Determine q(-1).
-18
Let o(u) = -u**3 + 12*u**2 + 13*u + 5. What is o(13)?
5
Let z(p) = -p**3 - 7*p**2 + 8*p + 4. Give z(-8).
4
Let i(a) = 8*a - 7. Calculate i(-7).
-63
Let p(t) = 9*t**3 + 4*t**2 + 11*t + 9. Determine p(-1).
-7
Let b(i) = 2*i**2 + 98*i + 365. Give b(-4).
5
Let q(n) = n**3 - 2*n**2 + 4*n + 5. Calculate q(-2).
-19
Let s(i) = -2*i**3 - 10*i**2 - 2*i + 8. Calculate s(-1).
2
Let x(b) = 21*b + 35. What is x(-5)?
-70
Let t(i) = -i - 30. What is t(-24)?
-6
Let h(p) = -11*p + 70. Give h(6).
4
Let y(a) = -a**2 - 2*a + 20. Give y(-4).
12
Let h(s) = -s**3 + 6*s**2 + s + 1. Calculate h(6).
7
Let u(k) = -k**3 - 10*k**2 - 21*k - 11. Calculate u(-8).
29
Let q(o) = -14*o**2 + 4*o. Determine q(2).
-48
Let u(n) = n**3 + 3*n**2 - 6*n - 9. Give u(-4).
-1
Let k(f) = f - 4. Give k(-6).
-10
Let w(m) = m**3 + 12*m**2 + 29*m + 66. What is w(-10)?
-24
Let u(r) = 4*r - 3. Calculate u(6).
21
Let a(u) = 4*u**2 - 8*u + 29. Calculate a(4).
61
Let a(r) = -4*r + 46. What is a(20)?
-34
Let r(f) = 4*f**2 + 17*f - 3. Determine r(3).
84
Let k(f) = f + 1. Give k(-3).
-2
Let v(b) = -b**2 + 7*b + 6. Give v(6).
12
Let n(l) = -l**3 - 2*l**2 - 2*l + 2. What is n(1)?
-3
Let l(x) = x**2 - 19*x + 5. Determine l(19).
5
Let x(z) = -z**3 + 6*z**2 + z - 12. Give x(7).
-54
Let a(b) = -b**2 - 21*b + 33. Calculate a(-23).
-13
Let x(k) = -k**2 - 6*k. Determine x(-5).
5
Let c(y) = 24*y**2 - 167*y - 1. What is c(7)?
6
Let l(t) = -12*t + 1. What is l(4)?
-47
Let a(q) = -72*q + 562. Calculate a(8).
-14
Let b(d) = 191*d + 367. Give b(-2).
-15
Let l(k) = 14*k - 15. What is l(1)?
-1
Let j(g) = 11*g - 126. Calculate j(24).
138
Let d(k) = -5*k**3 - 2*k**2 - 3*k - 1. What is d(-1)?
5
Let n(r) = -4*r. What is n(-8)?
32
Let g(n) = n**3 + 10*n**2 - n + 14. Give g(-9).
104
Let p(r) = -r**3 - 2*r**2 + 3*r - 5. Determine p(-4).
15
Let u(p) = p**2 - 56*p + 591. Calculate u(42).
3
Let f(n) = 6*n**3 + 2*n**2 + n - 2. Calculate f(1).
7
Let h(k) = 5*k - 73. Give h(0).
-73
Let c(l) = -l**3 - 5*l**2 + l + 17. What is c(-5)?
12
Let g(t) = -59*t**2 + t + 3. Determine g(-1).
-57
Let n(o) = o**2 - 7*o + 4. Determine n(6).
-2
Let c(f) = f**3 + 11*f**2 + 14*f. Calculate c(-6).
96
Let c(l) = l**2 + 8*l + 5. Give c(-5).
-10
Let u(w) = -8*w + 42. Give u(6).
-6
Let l(t) = 5*t**2 - t - 12. Calculate l(2).
6
Let i(r) = -2*r**3 - 2*r**2 - 2*r - 2. Calculate i(-3).
40
Let z(m) = -m**3 + 17*m**2 - 8*m + 29. Give z(16).
157
Let r(w) = -32*w**2. Calculate r(1).
-32
Let w(c) = c**3 - 6*c**2 + 13. Give w(5).
-12
Let i(r) = r + 33. Give i(-12).
21
Let t(i) = -17*i - 18. Determine t(-2).
16
Let m(p) = 19*p + 21. Give m(-9).
-150
Let d(y) = y**2 - 16*y - 26. Give d(18).
10
Let x(r) = -15*r - 15. Calculate x(-2).
15
Let d(z) = 2*z - 11. Determine d(10).
9
Let u(w) = 16*w**3 - w**2. Give u(-1).
-17
Let m(k) = -k**3 - 3*k**2 + k - 17. Calculate m(-4).
-5
Let r(h) = h**3 - 4*h**2 - 3*h + 14. Give r(-3).
-40
Let w(k) = -k**3 + 9*k**2 + 7*k + 3. Calculate w(10).
-27
Let a(n) = -12*n + 10. What is a(3)?
-26
Let f(n) = -2*n**3 - 2*n**2 + 17*n + 9. Calculate f(-4).
37
Let z(f) = -f**3 + 9*f**2 - 7*f + 5. Calculate z(6).
71
Let t(u) = u**2 + 5*u + 110. What is t(0)?
110
Let o(y) = -y - 4. What is o(-13)?
9
Let w(f) = 2*f**2 + 19*f + 37. Calculate w(-6).
-5
Let v(r) = -2*r**3 - 9*r**2 + 7*r. Determine v(-5).
-10
Let y(f) = -f**3 - 5*f**2 - 8*f - 6. What is y(-3)?
0
Let w(b) = -4*b + 3. Calculate w(-7).
31
Let k(c) = c**2 - 2*c - 3. What is k(-1)?
0
Let r(t) = -3*t**3 - 2*t**2 + t + 4. Determine r(-2).
18
Let o(n) = 19*n - 5. Determine o(2).
33
Let r(x) = 3*x**2 - 4*x - 2. Give r(2).
2
Let y(f) = -5*f**2 - 19*f - 2. What is y(-3)?
10
Let b(h) = 2*h**2 - 5*h - 27. Give b(-6).
75
Let a(h) = -4*h**3 - 96*h**2 + 57. Give a(-24).
57
Let h(d) = d**3 - 2*d**2 - 2*d + 2. Calculate h(2).
-2
Let x(t) = -3*t + 2. Calculate x(-9).
29
Let z(q) = -q**2 + 5*q + 15. Give z(4).
19
Let z(n) = -2*n + 2. Calculate z(1).
0
Let i(c) = -2*c + 11. Calculate i(5).
1
Let h(w) = 4*w - 2. Give h(-5).
-22
Let c(s) = s**3 + 4*s**2 - 7*s + 5. Determine c(-5).
15
Let v(o) = -o**3 + 9*o**2 + 3*o - 7. Give v(9).
20
Let y(c) = 3*c + 7. What is y(-3)?
-2
Let r(y) = 2*y + 4. Calculate r(7).
18
Let h(t) = 4*t - 24. Determine h(7).
4
Let d(b) = -b**2 + 4*b + 10. Calculate d(6).
-2
Let g(b) = -b**2 + 10*b - 19. What is g(4)?
5
Let l(g) = 2*g**3 - 7*g**2 - 14*g + 1. Calculate l(-2).
-15
Let q(n) = 5*n + 39. Calculate q(-9).
-6
Let q(w) = -36*w - 1. Calculate q(1).
-37
Let y(w) = 4*w**3 + 9*w**2 + w - 6. Determine y(-2).
-4
Let a(j) = -j**3 - 14*j**2 - 13*j - 17. Determine a(-13).
-17
Let s(w) = 5*w**2 - 75*w - 5. Calculate s(15).
-5
Let d(b) = 4*b + 5. What is d(1)?
9
Let x(f) = f - 11. Determine x(6).
-5
Let o(m) = -8*m + 40. Give o(-5).
80
Let k(m) = -2*m - 10. Deter